14
What is the highest common divisor of 826 and 266?
14
Calculate the highest common divisor of 835 and 668.
167
What is the greatest common divisor of 162 and 3888?
162
What is the highest common factor of 16785 and 45?
45
What is the greatest common divisor of 42 and 154?
14
Calculate the greatest common divisor of 322 and 42.
14
What is the greatest common factor of 64 and 104?
8
What is the highest common factor of 5447 and 13?
13
Calculate the greatest common factor of 48 and 168.
24
What is the highest common factor of 50 and 490?
10
What is the greatest common divisor of 72 and 540?
36
What is the greatest common divisor of 12 and 804?
12
What is the greatest common divisor of 108 and 6588?
108
What is the highest common factor of 143690 and 10?
10
Calculate the greatest common divisor of 5723 and 97.
97
Calculate the highest common factor of 5 and 15.
5
Calculate the greatest common divisor of 747 and 9.
9
What is the highest common factor of 10379 and 107?
107
Calculate the greatest common divisor of 10 and 105.
5
Calculate the highest common factor of 19 and 893.
19
What is the greatest common divisor of 3844 and 620?
124
Calculate the highest common divisor of 153 and 51.
51
What is the greatest common factor of 99700 and 100?
100
Calculate the highest common divisor of 1456 and 1040.
208
What is the greatest common factor of 1 and 593?
1
What is the highest common factor of 19 and 1064?
19
What is the greatest common factor of 3087 and 63?
63
Calculate the highest common factor of 2 and 16.
2
Calculate the highest common divisor of 238 and 518.
14
What is the highest common divisor of 31 and 3379?
31
Calculate the greatest common factor of 3700 and 250.
50
What is the greatest common divisor of 238 and 391?
17
What is the highest common divisor of 12 and 6252?
12
Calculate the greatest common factor of 165 and 600.
15
What is the highest common divisor of 171 and 9063?
171
Calculate the highest common factor of 876 and 48.
12
What is the greatest common divisor of 1044 and 3?
3
Calculate the highest common factor of 5 and 39080.
5
Calculate the greatest common divisor of 226 and 20227.
113
What is the highest common divisor of 53 and 1?
1
What is the highest common divisor of 2810 and 20?
10
What is the greatest common divisor of 112 and 192?
16
Calculate the greatest common factor of 27 and 699.
3
Calculate the highest common divisor of 612 and 279.
9
Calculate the highest common factor of 134 and 2479.
67
What is the greatest common divisor of 5919 and 6?
3
Calculate the highest common factor of 8916 and 12.
12
Calculate the highest common factor of 38 and 4.
2
Calculate the highest common divisor of 17164 and 140.
28
What is the highest common divisor of 923 and 78?
13
Calculate the highest common divisor of 11 and 24552.
11
Calculate the greatest common divisor of 1936 and 22.
22
Calculate the highest common factor of 32 and 236.
4
Calculate the highest common factor of 133 and 19.
19
What is the greatest common factor of 42 and 3318?
42
Calculate the highest common divisor of 2 and 235.
1
What is the greatest common divisor of 14 and 3262?
14
Calculate the greatest common divisor of 8 and 16.
8
Calculate the greatest common divisor of 180 and 20.
20
Calculate the highest common divisor of 903 and 1204.
301
Calculate the highest common divisor of 2 and 24.
2
What is the greatest common factor of 224 and 14?
14
Calculate the greatest common factor of 10090 and 20.
10
What is the greatest common factor of 88 and 154?
22
Calculate the greatest common divisor of 768 and 256.
256
What is the greatest common factor of 20 and 11380?
20
What is the highest common divisor of 243 and 8451?
27
What is the greatest common factor of 925 and 111?
37
What is the greatest common divisor of 4 and 12456?
4
Calculate the greatest common divisor of 89 and 890.
89
Calculate the highest common factor of 99 and 10593.
99
Calculate the greatest common factor of 273 and 195.
39
Calculate the highest common divisor of 51 and 3.
3
Calculate the greatest common factor of 156 and 988.
52
Calculate the highest common factor of 123 and 7872.
123
What is the highest common divisor of 15 and 555?
15
What is the greatest common divisor of 39 and 225?
3
Calculate the greatest common factor of 660 and 108.
12
What is the greatest common divisor of 6 and 75?
3
What is the highest common divisor of 656 and 123?
41
Calculate the highest common divisor of 2585 and 165.
55
What is the greatest common factor of 29 and 10817?
29
Calculate the highest common divisor of 3610 and 57.
19
Calculate the greatest common divisor of 732 and 12.
12
Calculate the highest common divisor of 324 and 18.
18
What is the highest common divisor of 1274 and 196?
98
What is the greatest common factor of 2896 and 112?
16
What is the highest common factor of 1 and 431?
1
Calculate the greatest common factor of 153 and 272.
17
Calculate the highest common divisor of 11 and 33.
11
Calculate the greatest common divisor of 306 and 4131.
153
Calculate the greatest common divisor of 102 and 1164.
6
Calculate the greatest common factor of 71 and 6532.
71
Calculate the greatest common divisor of 80 and 10256.
16
Calculate the greatest common factor of 836 and 209.
209
What is the highest common divisor of 561 and 459?
51
Calculate the greatest common divisor of 52 and 468.
52
What is the greatest common factor of 182 and 3250?
26
Calculate the greatest common divisor of 1040 and 195.
65
What is the greatest common factor of 64 and 112?
16
What is the greatest common factor of 147 and 245?
49
Calculate the greatest common factor of 1199 and 109.
109
What is the greatest common divisor of 220 and 1672?
44
What is the greatest common divisor of 4688 and 64?
16
Calculate the highest common divisor of 1328 and 48.
16
Calculate the highest common divisor of 156 and 1524.
12
Calculate the greatest common divisor of 590 and 236.
118
Calculate the highest common divisor of 3679 and 39.
13
What is the greatest common factor of 532 and 28?
28
What is the highest common factor of 13 and 7?
1
What is the greatest common factor of 27 and 387?
9
Calculate the highest common factor of 96 and 3.
3
What is the greatest common factor of 900 and 9?
9
What is the highest common divisor of 1556 and 4?
4
Calculate the greatest common divisor of 20 and 2040.
20
Calculate the greatest common divisor of 1221 and 1776.
111
Calculate the highest common factor of 1074 and 12.
6
What is the highest common factor of 476 and 9316?
68
What is the greatest common factor of 132 and 156?
12
Calculate the greatest common divisor of 4671 and 135.
27
Calculate the highest common divisor of 48 and 28.
4
Calculate the greatest common factor of 52 and 390.
26
Calculate the greatest common divisor of 51 and 8517.
51
Calculate the highest common factor of 21 and 2121.
21
What is the greatest common factor of 13 and 1677?
13
Calculate the highest common factor of 36 and 72.
36
What is the greatest common divisor of 222 and 888?
222
Calculate the highest common factor of 252 and 1413.
9
What is the greatest common factor of 58 and 5858?
58
Calculate the highest common factor of 285 and 11495.
95
What is the greatest common divisor of 69 and 276?
69
Calculate the highest common factor of 51 and 1037.
17
Calculate the greatest common factor of 60 and 276.
12
Calculate the highest common factor of 17 and 51.
17
Calculate the highest common divisor of 468 and 720.
36
What is the highest common divisor of 1280 and 60?
20
Calculate the highest common factor of 15 and 173.
1
Calculate the highest common divisor of 45 and 3303.
9
What is the greatest common factor of 8213 and 129?
43
Calculate the greatest common factor of 3159 and 81.
81
Calculate the highest common divisor of 10 and 70.
10
What is the greatest common divisor of 99 and 6523?
11
Calculate the greatest common divisor of 1 and 30.
1
Calculate the greatest common factor of 2895 and 6.
3
What is the highest common factor of 10 and 320?
10
Calculate the greatest common divisor of 34 and 221.
17
What is the highest common divisor of 450 and 1962?
18
What is the greatest common divisor of 17 and 2057?
17
Calculate the highest common divisor of 1130 and 4294.
226
Calculate the highest co